1. Give g(-16).
-21
Let f(r) = 2*r**2 + 9*r + 73. Give f(-13).
294
Let j(f) = -4*f**3 - 7*f**2 - 11*f - 2. What is j(-1)?
6
Let c(q) = 3*q**2 - 121*q + 25. Give c(43).
369
Let x(v) = -32*v - 881. Give x(-27).
-17
Let d(z) = 83*z - 2016. Determine d(26).
142
Let x(u) = u**3 - 2*u**2 - 52*u + 114. Give x(2).
10
Let v(w) = 227*w - 221. Determine v(1).
6
Let j(n) = 11*n + 34. Calculate j(7).
111
Let n(l) = 8*l**2 - 151*l - 652. Determine n(-4).
80
Let d(s) = -s**3 - 34*s**2 - 57*s + 257. Give d(-4).
5
Let x(m) = 2*m**2 - 13*m - 52. Determine x(-4).
32
Let x(c) = 107*c - 701. Calculate x(10).
369
Let y(j) = -2*j**3 - 199*j**2 + 98*j - 203. Determine y(-100).
-3
Let q(k) = -171*k + 1556. Determine q(9).
17
Let o(s) = -8*s**3 + 696*s**2 + 3*s - 211. What is o(87)?
50
Let j(i) = -177*i - 414. Calculate j(-3).
117
Let f(h) = -6*h**3 + 8*h**2 - 17*h - 5. What is f(0)?
-5
Let l(t) = -3*t**3 + 305*t**2 + 98*t + 402. Calculate l(102).
-6
Let q(d) = d**3 + 28*d**2 + 89*d - 191. Determine q(-24).
-23
Let n(f) = -128*f - 13. What is n(-3)?
371
Let f(l) = l**3 - 39*l**2 + 29*l + 403. Calculate f(38).
61
Let u(w) = -w**3 + 108*w**2 - 1154*w + 13. Calculate u(12).
-11
Let v(z) = z**2 - 86*z + 301. What is v(88)?
477
Let n(y) = -10*y - 725. Calculate n(-71).
-15
Let d(t) = 3*t**2 + t - 186. Give d(8).
14
Let x(v) = 61*v**2 + 668*v - 32. Calculate x(-11).
1
Let m(o) = 332*o + 17. Calculate m(-1).
-315
Let g(a) = -3*a**2 - 31*a - 220. Give g(-6).
-142
Let u(c) = c**3 - 11*c**2 - 382*c + 118. Determine u(-15).
-2
Let u(w) = -w**3 - 18*w**2 + 7*w + 421. Give u(-17).
13
Let q(b) = 5*b**3 + 3*b**2 - 22. Give q(3).
140
Let j(b) = -12*b**2 - 91*b - 46. What is j(-7)?
3
Let d(k) = 51*k**2 + 3934*k + 533. Calculate d(-77).
-6
Let x(j) = -423*j**2 + 9306*j - 56. Give x(22).
-56
Let r(t) = -t**3 - 80*t**2 - 239*t - 649. Calculate r(-77).
-33
Let n(t) = -t**2 + 14*t - 36. What is n(18)?
-108
Let l(b) = -13*b**3 + 4*b**2 - 16*b + 13. What is l(1)?
-12
Let d(b) = 75*b + 1486. Determine d(-20).
-14
Let r(l) = 675*l - 6820. What is r(10)?
-70
Let u(n) = -485*n + 2446. Give u(5).
21
Let q(b) = -42*b - 3864. Give q(-92).
0
Let d(m) = 5*m**2 + 26*m - 298. Calculate d(7).
129
Let t(k) = 11*k**3 + k**2 + 6*k + 4. What is t(-1)?
-12
Let b(f) = 2*f**2 - 96*f + 755. Give b(10).
-5
Let q(u) = -13*u**2 + 15*u + 25. Calculate q(-3).
-137
Let l(o) = o**2 + 832*o - 6715. What is l(8)?
5
Let d(r) = -r**3 - 32*r**2 + 113*r. Determine d(3).
24
Let b(x) = 129*x + 8506. Calculate b(-66).
-8
Let p(y) = y**2 - 11*y + 25. What is p(8)?
1
Let h(i) = 656*i + 7872. Give h(-12).
0
Let n(y) = y**2 + 7*y - 292. What is n(-21)?
2
Let f(d) = -511*d + 21958. Calculate f(43).
-15
Let m(w) = w**3 - 21*w**2 + 43*w - 15. What is m(18)?
-213
Let o(r) = -4*r**3 - 304*r**2 - 298*r + 150. What is o(-75)?
0
Let f(s) = 2*s**3 - 13*s**2 + 14*s - 8. Calculate f(7).
139
Let b(d) = 100*d + 52. Determine b(-1).
-48
Let k(q) = 70*q + 1493. Give k(-17).
303
Let g(t) = -57*t - 395. Determine g(-7).
4
Let q(y) = -y**3 + 5*y**2 + 2*y - 10. Determine q(5).
0
Let h(y) = -y**3 + 12*y**2 + 31*y - 74. Determine h(14).
-32
Let k(q) = -9*q**3 + q**2 + 5*q - 8. Determine k(2).
-66
Let n(m) = -89*m + 5013. Calculate n(56).
29
Let z(u) = -u**3 - 10*u**2 - 17*u - 6. Calculate z(-5).
-46
Let t(m) = 3*m**3 - 29*m**2 + 27*m - 80. Determine t(9).
1
Let p(z) = -z**3 + z**2 - 43*z + 392. What is p(7)?
-203
Let j(u) = -u**2 + 552*u + 36709. Calculate j(-60).
-11
Let n(b) = -b**3 - 23*b**2 - 482*b - 13295. Determine n(-25).
5
Let f(t) = -3*t**2 - 18*t - 94. Determine f(-8).
-142
Let u(p) = 137*p - 3018. Determine u(22).
-4
Let o(t) = -2*t**2 - 108*t - 202. Give o(-52).
6
Let u(n) = -4*n**3 + 20*n**2 - 56*n + 168. Give u(4).
8
Let v(g) = g**3 - 59*g**2 - 4*g + 212. Determine v(59).
-24
Let h(u) = u**3 - 22*u**2 - 167*u - 23. Determine h(28).
5
Let z(r) = 271*r + 1223. Determine z(-4).
139
Let x(v) = -2*v**2 - 287*v + 93. Determine x(-145).
-342
Let p(y) = -2*y**3 + 23*y**2 - 34*y + 158. Determine p(13).
-791
Let a(p) = p**3 - 19*p**2 + 57*p + 51. Give a(15).
6
Let t(m) = -6*m + 14. Calculate t(-2).
26
Let h(a) = -a**2 - 44*a + 301. Calculate h(-45).
256
Let g(s) = -266*s - 2409. Give g(-9).
-15
Let c(p) = 6*p**3 - 6*p**2 + 2. What is c(1)?
2
Let s(p) = p**2 - 34*p - 547. Determine s(43).
-160
Let n(p) = p**2 - 23*p - 434. What is n(35)?
-14
Let w(r) = -r**2 - 44*r + 15. Determine w(-12).
399
Let g(p) = -6*p**2 - 166*p - 779. What is g(-6)?
1
Let r(b) = 6*b + 273. Give r(24).
417
Let a(w) = -3*w**2 - 16*w + 51. What is a(3)?
-24
Let z(l) = 51*l + 1000. Give z(-5).
745
Let u(k) = -287*k + 17784. Determine u(62).
-10
Let r(x) = 14*x**2 + 42*x + 206. Calculate r(-5).
346
Let m(k) = k**3 + 7*k**2 - 21*k - 26. Determine m(-8).
78
Let s(x) = x**3 - 14*x**2 - 900*x + 12595. Determine s(14).
-5
Let p(t) = -t**2 - 11*t - 58. Calculate p(16).
-490
Let w(r) = 9*r - 189. Calculate w(-21).
-378
Let h(g) = g**2 + 40*g - 7198. Calculate h(-107).
-29
Let u(i) = -142*i + 37. Give u(-1).
179
Let i(w) = 178*w - 2846. What is i(16)?
2
Let s(b) = 4221*b + 1. What is s(0)?
1
Let w(k) = 8*k**2 + 43*k + 13. What is w(-6)?
43
Let o(z) = z + 56. Calculate o(4).
60
Let l(p) = -2*p**2 + 55*p + 1166. What is l(-14)?
4
Let t(q) = -12584*q + 25160. What is t(2)?
-8
Let q(z) = -2*z**3 - 83*z**2 - 40*z + 42. Determine q(-41).
1
Let l(b) = 10*b**2 + 50*b - 275. Determine l(6).
385
Let v(y) = 7*y**3 + 185*y**2 - 105*y + 83. Give v(-27).
2
Let b(t) = -2445*t**2 - 4887*t + 3. Determine b(-2).
-3
Let c(r) = r**3 + 10*r**2 + 6*r + 1. Determine c(-9).
28
Let r(w) = 2*w**3 - 30*w**2 + 29*w + 21. Give r(14).
35
Let j(s) = s**2 - 565*s - 2283. Give j(-4).
-7
Let s(g) = -10*g**2 + 129*g - 24. Calculate s(13).
-37
Let c(z) = 442*z - 11467. What is c(26)?
25
Let h(m) = 2853*m + 22798. Determine h(-8).
-26
Let w(y) = -y**3 - 88*y**2 + 184*y + 500. What is w(-90)?
140
Let n(b) = 20*b + 39. Determine n(-9).
-141
Let b(o) = -o**3 - o**2 + 304*o - 28. What is b(-18)?
8
Let a(u) = -58*u + 3889. Determine a(67).
3
Let q(u) = -u**2 + 3*u + 8. Calculate q(5).
-2
Let i(t) = 16*t**3 - t**2 - 13*t - 11. What is i(-1)?
-15
Let n(g) = 17*g**2 + 36*g - 22. What is n(-5)?
223
Let u(p) = -2*p**3 - 19*p**2 - 3*p + 14. Calculate u(-9).
-40
Let u(o) = -o**3 + 37*o**2 - 10*o + 101. Calculate u(37).
-269
Let q(g) = 106*g**3 + 8*g**2 - 5*g - 4. Calculate q(2).
866
Let x(v) = 35*v**2 - 14*v + 15. What is x(1)?
36
Let f(j) = 154*j - 3156. Calculate f(19).
-230
Let a(r) = -6*r - 63. Determine a(-26).
93
Let c(r) = -67*r**2 + 7*r + 9. Calculate c(-1).
-65
Let i(c) = c**2 + 22*c + 85. Determine i(-18).
13
Let n(u) = 1258*u - 5041. Calculate n(4).
-9
Let i(w) = -6*w**2 - 166*w - 324. Calculate i(-2).
-16
Let r(l) = -2*l**2 + 416*l - 15578. What is r(159)?
4
Let n(w) = -w**3 - 18*w**2 - 10*w + 31. What is n(-17)?
-88
Let q(p) = -p**3 + 17*p**2 + 102*p - 1513. Calculate q(19).
-297
Let n(v) = 8*v**2 - 14*v + 9. Determine n(3).
39
Let w(n) = -18*n**2 + 1569*n - 249. Give w(87).
12
Let j(v) = 607*v + 3641. Give j(-6).
-1
Let b(k) = -2*k**2 + 329*k + 2727. What is b(-8)?
-33
Let y(h) = -2*h**3 + 69*h**2 - 36*h + 24. Determine y(34).
-44
Let a(q) = 13*q**2 - 13*q + 1. Determine a(2).
27
Let m(d) = 4*d**2 + 67*d + 22. Calculate m(0).
22
Let s(r) = -18*r**2 + 6*r - 12. What is s(4)?
-276
Let y(w) = -w**3 + 2*w**2 + 46*w - 5. Determine y(-6).
7
Let v(m) = -2*m**2 - 64*m + 931. Determine v(-43).
-15
Let l(q) = -29*q**2 + q + 16. Determine l(2).
-98
Let y(x) = -4*x**3 + 18*x**2 - 66*x + 140. Give y(3).
-4
Let u(o) = -33*o - 2943. Determine u(-89).
-6
Let f(m) = 3*m**2 - 106*m + 613. Calculate f(28).
-3
Let o(d) = 299*d - 1196. Determine o(4).
0
Let m(b) = -b**3 - 5*b**2 + 13*b - 41. Calculate m(4).
-133
Let a(c) = -10*c**3 - 92*c**2 + 18*c - 21. Calculate a(-9).
-345
Let m(i) = -i**3 + 8*i**2 + 15*i - 61. Give m(9).
-7
Let s(d) = 156*d - 4382. What is s(28)?
-14
Let i(z) = 2*z**2 - 20*z - 99. What is i(-6)?
93
Let v(z) = 9*z**2 + 120*z - 79. Calculate v(-14).
5
Let u(d) = 11*d**2 - 37*d - 13. Calculate u(5).
77
Let j(y) = y**2 - 8908*y - 89174. Calculate j(-10).
6
Let t(n) = -3*n**2 + 82*n + 687. What is t(34)?
7
Let h(m) = -7*m + 25. Determine h(6).
-17
Let k(m) = 3*m**3 + 58*m**2 + 22*m + 46. Determine k(-19).
-11
Let i(z) = 1